{"id":50,"date":"2025-08-18T11:42:48","date_gmt":"2025-08-18T11:42:48","guid":{"rendered":"http:\/\/mobil.wettach-it.de:8081\/?page_id=50"},"modified":"2025-09-05T16:15:34","modified_gmt":"2025-09-05T14:15:34","slug":"faq","status":"publish","type":"page","link":"https:\/\/info.heicheck.de\/?page_id=50","title":{"rendered":"FAQ"},"content":{"rendered":"\n<details class=\"wp-block-details is-layout-flow wp-block-details-is-layout-flow\"><summary><strong>Wie bekomme ich HeiCheck?<\/strong><\/summary>\n<p>HeiCheck kann zwar  als App aus dem AppStore heruntergeladen oder als Webseite \u00fcber das Internet einfach aufgerufen werden, jedoch muss vor der Nutzung ihr  Standort angelegt sein. Hierf\u00fcr gilt es zum einen technische Aspekte zu besprechen, bspw. Login, zum anderen aber auch fachliche, wie Ihr Bewertungssystem. Daher gilt: melden Sie sich doch einfach bei uns und stellen Sie eine unverbindliche Anfrage an die <a href=\"mailto:heicheck@uni-heidelberg.de\">heicheck@uni-heidelberg.de<\/a>.  <br><br>Sind die Rahmenbedingungen gekl\u00e4rt, k\u00f6nnen Sie HeiCheck<br>Sie k\u00f6nnen HeiCheck entweder selbst an Ihrem Standort betreiben oder Sie nutzen die HeiCheck Cloud.<\/p>\n<\/details>\n\n\n\n<details class=\"wp-block-details is-layout-flow wp-block-details-is-layout-flow\"><summary><strong>Was kostet HeiCheck?<\/strong><\/summary>\n<p>HeiCheck ist und bleibt auch in der Zukunft lizenzkostenfrei. Sie k\u00f6nnen die Anwendungsdaten kostenlos bei uns anfragen oder mit uns gemeinsam an der Umsetzung an Ihrem Standort arbeiten. <\/p>\n<\/details>\n\n\n\n<details class=\"wp-block-details is-layout-flow wp-block-details-is-layout-flow\"><summary><strong>Wie sicher sind meine Daten in HeiCheck?<\/strong><\/summary>\n<p>Die HeiCheck Server werden in deutschen Rechenzentren zertifiziert nach ISO 27001 und ISAE 3402 gehostet. Die Datenhaltung erfolgt DSGVO-konform und sind mit 99,9% Verf\u00fcgbarkeit nahezu immer erreichbar. <\/p>\n<\/details>\n","protected":false},"excerpt":{"rendered":"","protected":false},"author":1,"featured_media":0,"parent":0,"menu_order":0,"comment_status":"closed","ping_status":"closed","template":"","meta":{"footnotes":""},"class_list":["post-50","page","type-page","status-publish","hentry"],"_links":{"self":[{"href":"https:\/\/info.heicheck.de\/index.php?rest_route=\/wp\/v2\/pages\/50","targetHints":{"allow":["GET"]}}],"collection":[{"href":"https:\/\/info.heicheck.de\/index.php?rest_route=\/wp\/v2\/pages"}],"about":[{"href":"https:\/\/info.heicheck.de\/index.php?rest_route=\/wp\/v2\/types\/page"}],"author":[{"embeddable":true,"href":"https:\/\/info.heicheck.de\/index.php?rest_route=\/wp\/v2\/users\/1"}],"replies":[{"embeddable":true,"href":"https:\/\/info.heicheck.de\/index.php?rest_route=%2Fwp%2Fv2%2Fcomments&post=50"}],"version-history":[{"count":4,"href":"https:\/\/info.heicheck.de\/index.php?rest_route=\/wp\/v2\/pages\/50\/revisions"}],"predecessor-version":[{"id":114,"href":"https:\/\/info.heicheck.de\/index.php?rest_route=\/wp\/v2\/pages\/50\/revisions\/114"}],"wp:attachment":[{"href":"https:\/\/info.heicheck.de\/index.php?rest_route=%2Fwp%2Fv2%2Fmedia&parent=50"}],"curies":[{"name":"wp","href":"https:\/\/api.w.org\/{rel}","templated":true}]}}